
False
Is 11959 a composite number?
False
Is 15469 a composite number?
True
Is 484841 a composite number?
True
Is 2587 a composite number?
True
Is 94889 a composite number?
False
Is 2767 a composite number?
False
Is 8999 a composite number?
False
Is 1554305 a composite number?
True
Is 12077 composite?
True
Is 7477 a composite number?
False
Is 462773 composite?
False
Is 453601 composite?
False
Is 1958599 composite?
True
Is 259321 a composite number?
False
Is 20623 composite?
True
Is 175709 composite?
False
Is 102121 composite?
False
Is 182387 a composite number?
False
Is 2298614 composite?
True
Is 506053 prime?
False
Is 1949 prime?
True
Is 642287 prime?
False
Is 2833 a composite number?
False
Is 807977 a prime number?
False
Is 6521 a prime number?
True
Is 651793 prime?
True
Is 362017 a prime number?
False
Is 16441 prime?
False
Is 44047 a prime number?
False
Is 6547 a composite number?
False
Is 1949 prime?
True
Is 583603 a prime number?
True
Is 12706 a prime number?
False
Is 106823 a composite number?
False
Is 26987 a prime number?
True
Is 109723 a composite number?
True
Is 848641 composite?
True
Is 14349 prime?
False
Is 687517 composite?
False
Is 52737 composite?
True
Is 63463 a composite number?
False
Is 3923245 a prime number?
False
Is 10831 a composite number?
False
Is 903251 composite?
False
Is 9502 composite?
True
Is 285422 prime?
False
Is 2167 a prime number?
False
Is 404971 composite?
True
Is 72493 composite?
False
Is 397 a composite number?
False
Is 4019 a prime number?
True
Is 64439 a composite number?
False
Is 197803 composite?
False
Is 11057 a prime number?
True
Is 909203 a composite number?
False
Is 172277 a composite number?
True
Is 34757 composite?
False
Is 333193 a composite number?
True
Is 7789 composite?
False
Is 495221 prime?
True
Is 10771 composite?
False
Is 2524727 prime?
False
Is 1714971 a prime number?
False
Is 18407 prime?
False
Is 11047 composite?
False
Is 36029 a prime number?
False
Is 805919 prime?
False
Is 21313 a composite number?
False
Is 24139 prime?
False
Is 1429493 prime?
False
Is 4727 composite?
True
Is 3977 a prime number?
False
Is 40101 prime?
False
Is 752795 a prime number?
False
Is 13229 prime?
True
Is 4321 a composite number?
True
Is 32297 a composite number?
False
Is 147009 a composite number?
True
Is 166999 a prime number?
False
Is 2369149 a prime number?
True
Is 884713 a prime number?
False
Is 391931 prime?
False
Is 19547 prime?
False
Is 6997 a prime number?
True
Is 1193459 a composite number?
False
Is 602489 a prime number?
True
Is 2446 prime?
False
Is 53539 composite?
True
Is 120661 a prime number?
True
Is 3197 a prime number?
False
Is 66919 composite?
False
Is 1853873 a composite number?
True
Is 55847 composite?
True
Is 123001 prime?
True
Is 19531 composite?
False
Is 32483 a composite number?
True
Is 211477 a prime number?
False
Is 1807339 composite?
True
Is 39211 a prime number?
False
Is 382441 a prime number?
False
Is 61813 a composite number?
False
Is 2863 a prime number?
False
Is 2396105 prime?
False
Is 3607 a composite number?
False
Is 333227 a prime number?
True
Is 96477 prime?
False
Is 10453 a prime number?
True
Is 171007 prime?
True
Is 1095161 composite?
False
Is 359 prime?
True
Is 91411 composite?
False
Is 459209 prime?
True
Is 3632267 a prime number?
True
Is 912157 prime?
False
Is 148891 a prime number?
True
Is 190139 a prime number?
False
Is 8147 composite?
False
Is 2579 composite?
False
Is 9527 a prime number?
False
Is 1211141 a composite number?
False
Is 53653 composite?
False
Is 53111 prime?
False
Is 14503 a composite number?
False
Is 4337 prime?
True
Is 2659439 a prime number?
True
Is 953 a composite number?
False
Is 3791 prime?
False
Is 13577 prime?
True
Is 15877 prime?
True
Is 1527605 a prime number?
False
Is 130379 a composite number?
False
Is 318503 a composite number?
False
Is 151841 a composite number?
False
Is 193723 a composite number?
False
Is 110293 a composite number?
True
Is 39781 a composite number?
True
Is 985585 a composite number?
True
Is 11851 a prime number?
False
Is 497103 a composite number?
True
Is 1266893 a composite number?
False
Is 82487 a prime number?
True
Is 19373 a prime number?
True
Is 7177 a prime number?
True
Is 23269 a composite number?
False
Is 8999 a prime number?
True
Is 31757 a prime number?
False
Is 51253 composite?
True
Is 28599 a prime number?
False
Is 664459 a prime number?
True
Is 7061 a composite number?
True
Is 8198 prime?
False
Is 5567 prime?
False
Is 47501 a prime number?
True
Is 701 prime?
True
Is 10393 a prime number?
False
Is 416467 a composite number?
True
Is 40423 prime?
True
Is 14381 a prime number?
False
Is 13567 prime?
True
Is 6233 a prime number?
False
Is 78077 composite?
True
Is 1783 prime?
True
Is 1204289 composite?
False
Is 194991 composite?
True
Is 646483 prime?
False
Is 6609 a composite number?
True
Is 1774622 a composite number?
True
Is 18919 composite?
False
Is 41333 a prime number?
True
Is 177367 a composite number?
True
Is 120749 a prime number?
True
Is 11405 prime?
False
Is 418879 a composite number?
True
Is 42323 prime?
True
Is 3293 a composite number?
True
Is 7631 prime?
False
Is 63905 prime?
False
Is 28901 a composite number?
False
Is 20323 prime?
True
Is 2478173 prime?
True
Is 283343 a composite number?
True
